(-27)?
6
Let h(w) = -105*w + 21 + 189*w - 104*w. Let f be h(-9). Suppose -209 = -5*s - g, 0*s - f = -5*s + g. What is the units digit of s?
1
Let t(p) = -169*p - 87. Let i be t(-10). Let j = i + -1116. What is the tens digit of j?
8
Let a(w) = -w**3 - 9*w**2 - 36*w + 8. What is the hundreds digit of a(-8)?
2
What is the units digit of 1*77/(-3)*(-336 - -99)?
3
What is the ten thousands digit of (-2684843)/(-56) - (0 + 42/(-112))?
4
Let a = -20248 - -40295. What is the thousands digit of a?
0
Let b be (5 + -4 - 2) + 2 + -1. Suppose 0 = 2*r - 5*f - 2047, 22*r - 17*r + 5*f - 5030 = b. What is the tens digit of r?
1
Let h(i) = 9*i**3 - i**2 + 2*i - 12. Let b be h(3). Suppose b + 60 = -6*s. Let y = 69 + s. What is the units digit of y?
1
Let k(a) = 5*a**2 + 103*a + 8. Let n be k(-20). What is the tens digit of (-26)/(-5)*(-5330)/n?
3
Let a(p) = p**3 + p**2 + p + 50. Let g be a(0). Let q = g + -60. What is the tens digit of (-6)/(5/(525/q))?
6
Suppose -4*c = 67*b - 65*b - 14564, 0 = -5*b - 2*c + 36434. What is the hundreds digit of b?
2
Let u(f) = 6*f**2 + 117*f - 358. What is the thousands digit of u(-62)?
5
Suppose -2*h - 8*h + 3900 = 0. Let g = h - 204. What is the tens digit of g?
8
Let n(x) = 18*x**2 - 83*x + 101. What is the hundreds digit of n(11)?
3
Let q be 205/65 + 2/(-13). Suppose -5 = -8*a + q. Suppose t = 2 - a, 0 = -2*p - 5*t + 113. What is the tens digit of p?
5
Suppose 2*u - 80 = -90, -u = 2*k - 8833. What is the units digit of k?
9
Let a(j) be the third derivative of -j**6/120 + 3*j**5/20 + j**4/3 + 19*j**3/2 - 61*j**2. What is the tens digit of a(10)?
3
Let t = 12 + -8. Suppose -15 = -k - t*k. What is the tens digit of k/(-2) - 1495/(-26)?
5
Let n = 12 - 7. Suppose -n*m + 1044 = -2*w, 0 = m + m - 4*w - 408. What is the hundreds digit of m?
2
Let d(b) = -b**2 - 14*b - 8. Let z be (-752)/56 - (-6)/14. Let j = 4 + z. What is the tens digit of d(j)?
3
Let k(c) = -c**2 + 19*c + 19. Suppose 66 = 10*b - 4*b. Let d be k(b). Let m = d - 103. What is the units digit of m?
4
Let b = 1625 - 121. Let v be b*-1*((-6)/(-4))/(-3). Suppose 187 = -5*f + v. What is the hundreds digit of f?
1
Let u be (-1*3)/((-60)/(-320)). Let c be u/(-48) + 3388/6. Suppose 2*j + c = 7*j. What is the hundreds digit of j?
1
Let j = 74 + 677. Suppose 2*p - 475 = -5*s + 764, 3*s - j = -5*p. What is the units digit of s?
7
Suppose k + 181 - 181 = 0. Suppose -l + 420 = -11*a + 12*a, -l - 3*a + 420 = k. What is the tens digit of l?
2
Let i = 166928 + -115593. What is the tens digit of i?
3
Let q(x) be the third derivative of 1/60*x**5 + 5/12*x**4 + 0 + 11*x**2 + 5/6*x**3 + 0*x. What is the units digit of q(5)?
0
Let l(t) = 3*t - 38. Let b = -22 + 36. Let g be l(b). Suppose -4*z = -2*n - 514, 49 = -z + g*n + 160. What is the tens digit of z?
3
Suppose 2*v - 10283 = -3*i, 2*v = 3*i - 0*i + 10277. Suppose -572*b + v = -567*b. What is the tens digit of b?
2
Suppose 28*c - 56162 = 59478. What is the tens digit of c?
3
Let t(n) = -3*n - n + 419 - 235 - 270 + 7*n. What is the tens digit of t(51)?
6
Let t = 333 + -310. Suppose 16272 - 5899 = t*y. What is the tens digit of y?
5
Let v be (-17)/(-17)*(0 - -4). Suppose o = -v*n + 9*n + 772, n + 2330 = 3*o. What is the hundreds digit of o?
7
Let p be (-3)/((-2)/(-8) - 28/16). Let a(w) = -2*w - 15 + 4 - p*w**2 + 3*w**2. What is the tens digit of a(-8)?
6
Let k(l) be the first derivative of -l**4/4 + 7*l**3/3 - 3*l**2 + 10*l - 694. Let p be 6/(-7)*(-1 + -6). What is the units digit of k(p)?
0
Let t(u) = 4*u + 20. Let a be ((-9)/(-9))/(0 + 1)*-5. Let w be t(a). Let g(c) = -c**3 + c + 101. What is the tens digit of g(w)?
0
Suppose 7*g = 424 + 605. Let i = 267 - g. Suppose 0 = -16*w + 2616 + i. What is the tens digit of w?
7
Suppose 0 = w - 78 + 68. What is the tens digit of (w/((-35)/(-7)))/(2/236)?
3
Let w(z) = -72*z - 10*z + 17*z + 14. What is the hundreds digit of w(-3)?
2
Let h = 1 + 4. Let s = h - 2. What is the units digit of (-1)/(s/(-232)) - 3/9?
7
Let c be 788/14 - (-3)/63*-6. Suppose 70*a = c*a + 23142. What is the hundreds digit of a?
6
Let w be (-72)/(-27)*3/4 + -63. Let j be (468/8 + -3)*2. Let q = j + w. What is the units digit of q?
0
Let d(u) = 6*u**3 - u**2 - 141*u + 1284. What is the hundreds digit of d(9)?
3
Let r be 41 - (-6 + 0 - -1). Suppose -r*p = -34*p - 3516. What is the units digit of p?
3
Let y(f) = -f**2 - 44*f + 67. Let k be y(-45). Suppose 4*h - 147 = -5*j, k*j - 18*j = -2*h + 72. What is the units digit of h?
8
Let k = 4101 - 2445. What is the thousands digit of k?
1
Suppose -2*u = 4*y - 32800, -21*u + 2*y = -19*u - 32830. What is the tens digit of u?
1
Suppose n - 747 = -4*l, n - 2*l = 304 + 455. What is the hundreds digit of n?
7
Suppose -1409532 = -9*j - 60*j. What is the tens digit of j?
2
Suppose -3522 = -3*c - 5*j, -29*j + 27*j + 3540 = 3*c. What is the tens digit of c?
8
Let m = 609 - 607. Suppose -27*s + 3*j + 1170 = -24*s, -m*s - 3*j + 770 = 0. What is the tens digit of s?
8
Suppose 3*y = -5101 + 23749. What is the tens digit of y?
1
Suppose -2*d - 244 = -4*g - 64, -4*d - 78 = -2*g. Suppose -q = -5*h + 664, 0 = -h - 3*q + g + 73. What is the units digit of h?
2
Suppose 2*p = 130 - 12. Suppose 2*k - 262 = 5*q, -k - 2*q - p = -181. Let s = k + -92. What is the tens digit of s?
3
Let r = 5 + -16. What is the hundreds digit of (549 - 1)/(11*(-2)/r)?
2
Let f = -93 + 65. Let k = 31 + f. Suppose -k*d + 139 = o, -5*d + 357 + 64 = 3*o. What is the units digit of o?
2
What is the units digit of ((-52676)/(-8))/((-57)/(-228))?
8
Let j = -24 - -29. Let a(w) = w - 2. Let s be a(j). Suppose -d - 3 = -2, 0 = -s*y - d + 236. What is the units digit of y?
9
Let k = -41 + 37. Let i be k/14 - (-2394)/147. Suppose -6 + i = 5*r. What is the units digit of r?
2
Let i(w) = 10*w**2 - 4*w - 2. Let f be i(-4). Suppose -1260 = -f*m + 169*m. What is the units digit of m?
2
Let d(l) = 46*l - 3. Let v be d(2). Suppose -19*z + 2259 = -2548. Suppose -9*i + v = -z. What is the tens digit of i?
3
Suppose 298 = -6*v - 1826. Let p = 722 + v. What is the hundreds digit of p?
3
Let l(j) be the first derivative of -27*j**2 - 57*j - 96. What is the units digit of l(-12)?
1
Let w be 9*1/(-15)*-5. Suppose -w*p + 2*p + 2*o - 8 = 0, 0 = -2*p - 2*o + 8. Suppose -3*s + 4*s - 5*t - 53 = p, 148 = 4*s - 4*t. What is the tens digit of s?
3
Let u(o) = -260*o + 1037. What is the tens digit of u(-26)?
9
Suppose -68396 = -52*l - 19204. What is the hundreds digit of l?
9
Suppose -w + 5*d + 14 = 0, 4*d + 32 = 3*w + 1. Let t be (1/(-1) + 21/w)*240. Suppose 6*h - 11*h + t = 0. What is the units digit of h?
4
Suppose -4*s + 16 = 0, -5*w + 53 = -s - 48. Suppose 740 = -14*q + 768. What is the units digit of (w/12)/(q/56)?
9
Suppose -16*r = -35*r + 44120 + 112877. What is the units digit of r?
3
Suppose 1276 = 139*b - 137*b. Suppose 8*z - 10*z + 1252 = 2*c, -3*z = -c + b. What is the tens digit of c?
2
Suppose 0 = -5*v + 5 - 25, -4*y = -v + 44. What is the tens digit of 45*((-2)/(-4) - 130/y)?
1
Let z(x) = -x**3 - 3*x**2 - 7*x - 10. Let v be z(-2). Let c(m) = -m**3 + 20*m**2 - 16*m. Let q be c(15). Suppose v = 6*s + 45 - q. What is the units digit of s?
0
Let b(h) = 66*h**2 + h - 1. Let w be b(1). Let y(f) = 2*f**3 - f**2 + 22*f - 37. Let i be y(3). Let g = i - w. What is the units digit of g?
8
Suppose -6*c = -49 + 25. What is the tens digit of (-4)/(c/7) - -345?
3
Let w(q) = -7*q**2 + 385*q + 33. What is the thousands digit of w(38)?
4
Suppose -96*r + q - 97400 = -100*r, -73063 = -3*r - 4*q. What is the units digit of r?
9
Suppose -3*f + 22*f - 532 = 0. What is the tens digit of (-9081)/(-21) - 12/f?
3
Suppose 8*u - 4*u + 4*u - 51032 = 0. What is the hundreds digit of u?
3
Suppose 7*z - 2*z = 8980. Suppose 1473 = 7*y - z. What is the units digit of y?
7
Let g be 2 - (-4)/(20/(-225)). Let w be (-62)/(3/(-4) - g/68). Suppose 4*h = -i + 93, w - 112 = 5*i - 5*h. What is the tens digit of i?
8
Let x(g) = 6*g**2 - g - 1. Let u be x(-1). Let l(c) = 6*c - 2*c - 2*c + 6*c + 24. What is the tens digit of l(u)?
7
Let f(s) = -749 + 0*s + 258 + 268 + s + 258. Let c be (12 - 0) + (-1 - -2). What is the units digit of f(c)?
8
Let u = 364 - 269. What is the tens digit of (u - 795)*1*(0 - 1)?
0
Suppose 0 = -2*u - 16*u - 54. What is the units digit of (-3 - -5 - 95)/1*u?
